{"id":1243,"date":"2025-07-04T16:38:35","date_gmt":"2025-07-04T16:38:35","guid":{"rendered":"https:\/\/hedge-project.org\/portal\/?page_id=1243"},"modified":"2025-07-23T09:00:14","modified_gmt":"2025-07-23T09:00:14","slug":"casa-museu-anastacio","status":"publish","type":"page","link":"https:\/\/hedge-project.org\/portal\/projects\/casa-museu-anastacio\/","title":{"rendered":"Casa-Museu Anastacio"},"content":{"rendered":"\n<main class=\"wp-block-group is-layout-flow wp-block-group-is-layout-flow\" style=\"margin-top:0px;margin-bottom:0px\">\n<div class=\"wp-block-group is-layout-constrained wp-block-group-is-layout-constrained\">\n<div class=\"wp-block-columns alignwide wp-block-sidebar-on-right is-layout-flex wp-container-core-columns-is-layout-1 wp-block-columns-is-layout-flex\">\n<div class=\"wp-block-column is-layout-flow wp-block-column-is-layout-flow\" style=\"flex-basis:68.571428571429%\">\n<h1 class=\"wp-block-heading\" style=\"border-bottom-style:none;border-bottom-width:0px\">Dr. Anast\u00e1cio Gon\u00e7alves <br>House-Museum<\/h1>\n\n\n\n<h5 class=\"wp-block-heading has-custom-color-4-color has-text-color has-link-color wp-elements-f33c201eb0bfa6a75a0484f640b7edb7\"><a href=\"https:\/\/visitasvirtuais.patrimoniocultural.gov.pt\/cmag\/\" target=\"_blank\" rel=\"noreferrer noopener\">Enter the House-Museum experience <img loading=\"lazy\" decoding=\"async\" width=\"10\" height=\"17\" class=\"wp-image-261\" style=\"width: 10px;\" src=\"https:\/\/hedge-project.org\/portal\/wp-content\/uploads\/2025\/03\/seta-1-e1742401609332.png\" alt=\"\" srcset=\"https:\/\/hedge-project.org\/portal\/wp-content\/uploads\/2025\/03\/seta-1-e1742401609332.png 249w, https:\/\/hedge-project.org\/portal\/wp-content\/uploads\/2025\/03\/seta-1-e1742401609332-180x300.png 180w\" sizes=\"auto, (max-width: 10px) 100vw, 10px\" \/><\/a><\/h5>\n\n\n\n<p class=\"has-foreground-color has-text-color has-link-color has-tiny-font-size wp-elements-05736116100c9c7bc0e6261c454f4a0d\"><a href=\"https:\/\/hedge-project.org\/portal\/solutions\/3d-digitization\/\" data-type=\"page\" data-id=\"568\" target=\"_blank\" rel=\"noreferrer noopener\">#3d digitization<\/a><br><a href=\"https:\/\/hedge-project.org\/portal\/solutions\/virtual-tours\/\" data-type=\"page\" data-id=\"686\" target=\"_blank\" rel=\"noreferrer noopener\">#virtual tour<\/a><br><br>March 2025<\/p>\n\n\n\n<div style=\"height:30px\" aria-hidden=\"true\" class=\"wp-block-spacer\"><\/div>\n<\/div>\n\n\n\n<div class=\"wp-block-column wp-block-column-sidebar is-layout-flow wp-block-column-is-layout-flow\" style=\"flex-basis:25.714285714286%\">\n<h6 class=\"wp-block-heading\">A museum space in the city of Lisbon <\/h6>\n\n\n\n<p style=\"font-size:13px\">The Dr. Anast\u00e1cio Gon\u00e7alves House-Museum is a museum space in the city of Lisbon showcasing the collection gathered by the physician and collector Ant\u00f3nio Anast\u00e1cio Gon\u00e7alves.<br>The group of about 3,000 works of art comprises three major groups: Portuguese painting from the 19th and 20th centuries, Chinese porcelain, and Portuguese and foreign furniture.<\/p>\n<\/div>\n<\/div>\n<\/div>\n<\/main>\n\n\n\n<main class=\"wp-block-group has-background is-layout-flow wp-block-group-is-layout-flow\" style=\"background-color:#005453b0\">\n<div class=\"wp-block-group is-layout-constrained wp-block-group-is-layout-constrained\">\n<div class=\"wp-block-columns alignwide wp-block-sidebar-on-right is-layout-flex wp-container-core-columns-is-layout-4 wp-block-columns-is-layout-flex\" style=\"padding-right:0;padding-left:0\">\n<div class=\"wp-block-column has-background is-layout-flow wp-container-core-column-is-layout-5 wp-block-column-is-layout-flow\" style=\"background-color:#73ffd300\">\n<div class=\"wp-block-columns is-layout-flex wp-container-core-columns-is-layout-3 wp-block-columns-is-layout-flex\" style=\"padding-right:0;padding-left:0\">\n<div class=\"wp-block-column is-layout-flow wp-block-column-is-layout-flow\" style=\"flex-basis:100%\">\n<div class=\"wp-block-columns is-layout-flex wp-container-core-columns-is-layout-2 wp-block-columns-is-layout-flex\" style=\"padding-right:0;padding-left:0\">\n<div class=\"wp-block-column is-layout-flow wp-block-column-is-layout-flow\" style=\"flex-basis:100%\"><style>#jtg-1210 .modula-item { border-radius: 10px; }#jtg-1210 .modula-item .jtg-social a, .lightbox-socials.jtg-social a{ fill: #ffffff; color: #ffffff }#jtg-1210 .modula-item .jtg-social-mobile a{ fill: #ffffff; color: #ffffff }#jtg-1210 .modula-item .jtg-social svg, .lightbox-socials.jtg-social svg { height: 16px; width: 16px }#jtg-1210 .modula-item .jtg-social-mobile svg { height: 16px; width: 16px }#jtg-1210 .modula-item .jtg-social a:not(:last-child), .lightbox-socials.jtg-social a:not(:last-child) { margin-right: 10px }#jtg-1210 .modula-item .jtg-social-mobile .jtg-social-mobile-icons a:not(:last-child){ margin-right: 10px }#jtg-1210 .modula-item .figc {color:#ffffff;}#jtg-1210 .modula-item .figc .jtg-title {  font-size: 24px; }#jtg-1210 .modula-item .modula-item-content { transform: scale(1) }#jtg-1210 { width:100%;}#jtg-1210 .modula-items{height:800px;}@media screen and (max-width: 992px) {#jtg-1210 .modula-items{height:800px;}}@media screen and (max-width: 768px) {#jtg-1210 .modula-items{height:800px;}}#jtg-1210 .modula-items .figc p.description { font-size:16px; }#jtg-1210 .modula-items .figc p.description { color:#ffffff;}#jtg-1210 .modula-items .figc .jtg-title { color:#ffffff; }#jtg-1210.modula-gallery .modula-item > a, #jtg-1210.modula-gallery .modula-item, #jtg-1210.modula-gallery .modula-item-content > a:not(.modula-no-follow) { cursor:zoom-in; } #jtg-1210.modula-gallery .modula-item-content .modula-no-follow { cursor: default; } @media screen and (max-width:480px){#jtg-1210 .modula-item .figc .jtg-title {  font-size: 12px; }#jtg-1210 .modula-items .figc p.description { color:#ffffff;font-size:10px; }}<\/style>\n<div  id=\"jtg-1210\" class=\"modula modula-gallery modula-creative-gallery\" data-config=\"{&quot;height&quot;:800,&quot;tabletHeight&quot;:800,&quot;mobileHeight&quot;:800,&quot;desktopHeight&quot;:800,&quot;enableTwitter&quot;:false,&quot;enableWhatsapp&quot;:false,&quot;enableFacebook&quot;:false,&quot;enablePinterest&quot;:false,&quot;enableLinkedin&quot;:false,&quot;enableEmail&quot;:false,&quot;randomFactor&quot;:0.5,&quot;type&quot;:&quot;creative-gallery&quot;,&quot;columns&quot;:12,&quot;gutter&quot;:10,&quot;mobileGutter&quot;:10,&quot;tabletGutter&quot;:10,&quot;desktopGutter&quot;:10,&quot;enableResponsive&quot;:&quot;0&quot;,&quot;tabletColumns&quot;:2,&quot;mobileColumns&quot;:1,&quot;lazyLoad&quot;:true,&quot;lightboxOpts&quot;:{&quot;animated&quot;:true,&quot;Thumbs&quot;:{&quot;type&quot;:&quot;modern&quot;,&quot;showOnStart&quot;:false},&quot;Toolbar&quot;:{&quot;display&quot;:{&quot;right&quot;:[&quot;close&quot;]},&quot;enabled&quot;:true},&quot;Carousel&quot;:{&quot;Panzoom&quot;:{&quot;touch&quot;:false},&quot;infinite&quot;:false},&quot;keyboard&quot;:{&quot;Escape&quot;:&quot;close&quot;,&quot;Delete&quot;:&quot;close&quot;,&quot;Backspace&quot;:&quot;close&quot;,&quot;PageUp&quot;:false,&quot;PageDown&quot;:false,&quot;ArrowUp&quot;:false,&quot;ArrowDown&quot;:false,&quot;ArrowRight&quot;:false,&quot;ArrowLeft&quot;:false},&quot;touch&quot;:false,&quot;backdropClick&quot;:false,&quot;l10n&quot;:{&quot;CLOSE&quot;:&quot;Close&quot;,&quot;NEXT&quot;:&quot;Next&quot;,&quot;PREV&quot;:&quot;Previous&quot;,&quot;Error&quot;:&quot;The requested content cannot be loaded. Please try again later.&quot;,&quot;PLAY_START&quot;:&quot;Start slideshow&quot;,&quot;PLAY_STOP&quot;:&quot;Pause slideshow&quot;,&quot;FULL_SCREEN&quot;:&quot;Full screen&quot;,&quot;THUMBS&quot;:&quot;Thumbnails&quot;,&quot;DOWNLOAD&quot;:&quot;Download&quot;,&quot;SHARE&quot;:&quot;Share&quot;,&quot;ZOOM&quot;:&quot;Zoom&quot;,&quot;EMAIL&quot;:&quot;Here is the link to the image : %%image_link%% and this is the link to the gallery : %%gallery_link%%&quot;,&quot;MODAL&quot;:&quot;You can close this modal content with the ESC key&quot;,&quot;ERROR&quot;:&quot;Something Went Wrong, Please Try Again Later&quot;,&quot;IMAGE_ERROR&quot;:&quot;Image Not Found&quot;,&quot;ELEMENT_NOT_FOUND&quot;:&quot;HTML Element Not Found&quot;,&quot;AJAX_NOT_FOUND&quot;:&quot;Error Loading AJAX : Not Found&quot;,&quot;AJAX_FORBIDDEN&quot;:&quot;Error Loading AJAX : Forbidden&quot;,&quot;IFRAME_ERROR&quot;:&quot;Error Loading Page&quot;,&quot;TOGGLE_ZOOM&quot;:&quot;Toggle zoom level&quot;,&quot;TOGGLE_THUMBS&quot;:&quot;Toggle thumbnails&quot;,&quot;TOGGLE_SLIDESHOW&quot;:&quot;Toggle slideshow&quot;,&quot;TOGGLE_FULLSCREEN&quot;:&quot;Toggle full-screen mode&quot;},&quot;Images&quot;:{&quot;Panzoom&quot;:{&quot;maxScale&quot;:2}},&quot;mainClass&quot;:&quot;modula-fancybox-container modula-lightbox-jtg-1210&quot;,&quot;Html&quot;:{&quot;videoAutoplay&quot;:0,&quot;videoTpl&quot;:&quot;&lt;video class=\\&quot;fancybox__html5video\\&quot; controls muted playsinline controlsList controlsList=\\&quot;nodownload\\&quot; poster=\\&quot;{{poster}}\\&quot; src=\\&quot;{{src}}\\&quot; type=\\&quot;{{format}}\\&quot; &gt;  Sorry, your browser doesn&#039;t support embedded videos, &lt;a href=\\&quot;{{src}}\\&quot;&gt; download &lt;\\\/a&gt; and watch with your favorite video player! &lt;\\\/video&gt;&quot;}},&quot;inView&quot;:false,&quot;email_subject&quot;:&quot;Check out this awesome image !!&quot;,&quot;email_message&quot;:&quot;Here is the link to the image : %%image_link%% and this is the link to the gallery : %%gallery_link%%&quot;,&quot;lightbox&quot;:&quot;fancybox&quot;}\">\n\n\t\n\t<div  class=\"modula-items\">\n\t\t<div class=\"modula-item effect-pufrobo\" >\n\t<div class=\"modula-item-overlay\"><\/div>\n\n\t<div class=\"modula-item-content\">\n\n\t\t\t\t\n\t\t\t\t\t<a data-image-id=\"1233\" tabindex=\"0\" rel=\"jtg-1210\" data-caption=\"\" aria-label=\"Open image in lightbox\" role=\"button\" class=\"tile-inner modula-item-link\"><\/a>\n\t\t\n\t\t<img class=\"pic wp-image-1233 lazyload\"  data-valign=\"middle\" data-halign=\"center\" alt=\"\" data-full=\"https:\/\/hedge-project.org\/portal\/wp-content\/uploads\/2025\/07\/553DB476-E6C3-4582-A908-91E30028E549.jpg\" title=\"553DB476-E6C3-4582-A908-91E30028E549\" width=\"169\" height=\"300\" data-src=\"https:\/\/hedge-project.org\/portal\/wp-content\/uploads\/2025\/07\/553DB476-E6C3-4582-A908-91E30028E549-169x300.jpg\" data-caption=\"\" data-source=\"modula\" data-srcset=\"https:\/\/hedge-project.org\/portal\/wp-content\/uploads\/2025\/07\/553DB476-E6C3-4582-A908-91E30028E549-scaled.jpg 1440w, https:\/\/hedge-project.org\/portal\/wp-content\/uploads\/2025\/07\/553DB476-E6C3-4582-A908-91E30028E549-scaled-169x300.jpg 169w, https:\/\/hedge-project.org\/portal\/wp-content\/uploads\/2025\/07\/553DB476-E6C3-4582-A908-91E30028E549-576x1024.jpg 576w, https:\/\/hedge-project.org\/portal\/wp-content\/uploads\/2025\/07\/553DB476-E6C3-4582-A908-91E30028E549-768x1365.jpg 768w, https:\/\/hedge-project.org\/portal\/wp-content\/uploads\/2025\/07\/553DB476-E6C3-4582-A908-91E30028E549-864x1536.jpg 864w, https:\/\/hedge-project.org\/portal\/wp-content\/uploads\/2025\/07\/553DB476-E6C3-4582-A908-91E30028E549-1152x2048.jpg 1152w\" data-sizes=\"(max-width: 169px) 100vw, 169px\" srcset=\"https:\/\/hedge-project.org\/portal\/wp-content\/uploads\/2025\/07\/553DB476-E6C3-4582-A908-91E30028E549-169x300.jpg 169w, https:\/\/hedge-project.org\/portal\/wp-content\/uploads\/2025\/07\/553DB476-E6C3-4582-A908-91E30028E549-576x1024.jpg 576w, https:\/\/hedge-project.org\/portal\/wp-content\/uploads\/2025\/07\/553DB476-E6C3-4582-A908-91E30028E549-768x1365.jpg 768w, https:\/\/hedge-project.org\/portal\/wp-content\/uploads\/2025\/07\/553DB476-E6C3-4582-A908-91E30028E549-864x1536.jpg 864w, https:\/\/hedge-project.org\/portal\/wp-content\/uploads\/2025\/07\/553DB476-E6C3-4582-A908-91E30028E549-1152x2048.jpg 1152w, https:\/\/hedge-project.org\/portal\/wp-content\/uploads\/2025\/07\/553DB476-E6C3-4582-A908-91E30028E549-scaled.jpg 1440w\" sizes=\"(max-width: 169px) 100vw, 169px\" \/>\n\t\t<div class=\"figc no-description\">\n\t\t\t<div class=\"figc-inner\">\n\t\t\t\t\t\t\t\t\t\t\t\t\t\t\t<\/div>\n\t\t<\/div>\n\n\t<\/div>\n\n<\/div><div class=\"modula-item effect-pufrobo\" >\n\t<div class=\"modula-item-overlay\"><\/div>\n\n\t<div class=\"modula-item-content\">\n\n\t\t\t\t\n\t\t\t\t\t<a data-image-id=\"1234\" tabindex=\"0\" rel=\"jtg-1210\" data-caption=\"\" aria-label=\"Open image in lightbox\" role=\"button\" class=\"tile-inner modula-item-link\"><\/a>\n\t\t\n\t\t<img class=\"pic wp-image-1234 lazyload\"  data-valign=\"middle\" data-halign=\"center\" alt=\"\" data-full=\"https:\/\/hedge-project.org\/portal\/wp-content\/uploads\/2025\/07\/f686f497-1269-4f81-8c1a-16532e115252.jpg\" title=\"f686f497-1269-4f81-8c1a-16532e115252\" width=\"225\" height=\"300\" data-src=\"https:\/\/hedge-project.org\/portal\/wp-content\/uploads\/2025\/07\/f686f497-1269-4f81-8c1a-16532e115252-225x300.jpg\" data-caption=\"\" data-source=\"modula\" data-srcset=\"https:\/\/hedge-project.org\/portal\/wp-content\/uploads\/2025\/07\/f686f497-1269-4f81-8c1a-16532e115252.jpg 1200w, https:\/\/hedge-project.org\/portal\/wp-content\/uploads\/2025\/07\/f686f497-1269-4f81-8c1a-16532e115252-225x300.jpg 225w, https:\/\/hedge-project.org\/portal\/wp-content\/uploads\/2025\/07\/f686f497-1269-4f81-8c1a-16532e115252-768x1024.jpg 768w, https:\/\/hedge-project.org\/portal\/wp-content\/uploads\/2025\/07\/f686f497-1269-4f81-8c1a-16532e115252-1152x1536.jpg 1152w\" data-sizes=\"(max-width: 225px) 100vw, 225px\" srcset=\"https:\/\/hedge-project.org\/portal\/wp-content\/uploads\/2025\/07\/f686f497-1269-4f81-8c1a-16532e115252-225x300.jpg 225w, https:\/\/hedge-project.org\/portal\/wp-content\/uploads\/2025\/07\/f686f497-1269-4f81-8c1a-16532e115252-768x1024.jpg 768w, https:\/\/hedge-project.org\/portal\/wp-content\/uploads\/2025\/07\/f686f497-1269-4f81-8c1a-16532e115252-1152x1536.jpg 1152w, https:\/\/hedge-project.org\/portal\/wp-content\/uploads\/2025\/07\/f686f497-1269-4f81-8c1a-16532e115252.jpg 1200w\" sizes=\"(max-width: 225px) 100vw, 225px\" \/>\n\t\t<div class=\"figc no-description\">\n\t\t\t<div class=\"figc-inner\">\n\t\t\t\t\t\t\t\t\t\t\t\t\t\t\t<\/div>\n\t\t<\/div>\n\n\t<\/div>\n\n<\/div><div class=\"modula-item effect-pufrobo\" >\n\t<div class=\"modula-item-overlay\"><\/div>\n\n\t<div class=\"modula-item-content\">\n\n\t\t\t\t\n\t\t\t\t\t<a data-image-id=\"1235\" tabindex=\"0\" rel=\"jtg-1210\" data-caption=\"\" aria-label=\"Open image in lightbox\" role=\"button\" class=\"tile-inner modula-item-link\"><\/a>\n\t\t\n\t\t<img class=\"pic wp-image-1235 lazyload\"  data-valign=\"middle\" data-halign=\"center\" alt=\"\" data-full=\"https:\/\/hedge-project.org\/portal\/wp-content\/uploads\/2025\/07\/IMG_1453.jpg\" title=\"IMG_1453\" width=\"300\" height=\"225\" data-src=\"https:\/\/hedge-project.org\/portal\/wp-content\/uploads\/2025\/07\/IMG_1453-300x225.jpg\" data-caption=\"\" data-source=\"modula\" data-srcset=\"https:\/\/hedge-project.org\/portal\/wp-content\/uploads\/2025\/07\/IMG_1453-scaled.jpg 2560w, https:\/\/hedge-project.org\/portal\/wp-content\/uploads\/2025\/07\/IMG_1453-scaled-300x225.jpg 300w, https:\/\/hedge-project.org\/portal\/wp-content\/uploads\/2025\/07\/IMG_1453-1024x768.jpg 1024w, https:\/\/hedge-project.org\/portal\/wp-content\/uploads\/2025\/07\/IMG_1453-768x576.jpg 768w, https:\/\/hedge-project.org\/portal\/wp-content\/uploads\/2025\/07\/IMG_1453-1536x1152.jpg 1536w, https:\/\/hedge-project.org\/portal\/wp-content\/uploads\/2025\/07\/IMG_1453-2048x1536.jpg 2048w\" data-sizes=\"(max-width: 300px) 100vw, 300px\" srcset=\"https:\/\/hedge-project.org\/portal\/wp-content\/uploads\/2025\/07\/IMG_1453-300x225.jpg 300w, https:\/\/hedge-project.org\/portal\/wp-content\/uploads\/2025\/07\/IMG_1453-1024x768.jpg 1024w, https:\/\/hedge-project.org\/portal\/wp-content\/uploads\/2025\/07\/IMG_1453-768x576.jpg 768w, https:\/\/hedge-project.org\/portal\/wp-content\/uploads\/2025\/07\/IMG_1453-1536x1152.jpg 1536w, https:\/\/hedge-project.org\/portal\/wp-content\/uploads\/2025\/07\/IMG_1453-2048x1536.jpg 2048w\" sizes=\"(max-width: 300px) 100vw, 300px\" \/>\n\t\t<div class=\"figc no-description\">\n\t\t\t<div class=\"figc-inner\">\n\t\t\t\t\t\t\t\t\t\t\t\t\t\t\t<\/div>\n\t\t<\/div>\n\n\t<\/div>\n\n<\/div><div class=\"modula-item effect-pufrobo\" >\n\t<div class=\"modula-item-overlay\"><\/div>\n\n\t<div class=\"modula-item-content\">\n\n\t\t\t\t\n\t\t\t\t\t<a data-image-id=\"1236\" tabindex=\"0\" rel=\"jtg-1210\" data-caption=\"\" aria-label=\"Open image in lightbox\" role=\"button\" class=\"tile-inner modula-item-link\"><\/a>\n\t\t\n\t\t<img class=\"pic wp-image-1236 lazyload\"  data-valign=\"middle\" data-halign=\"center\" alt=\"\" data-full=\"https:\/\/hedge-project.org\/portal\/wp-content\/uploads\/2025\/07\/IMG_1491.jpg\" title=\"IMG_1491\" width=\"225\" height=\"300\" data-src=\"https:\/\/hedge-project.org\/portal\/wp-content\/uploads\/2025\/07\/IMG_1491-225x300.jpg\" data-caption=\"\" data-source=\"modula\" data-srcset=\"https:\/\/hedge-project.org\/portal\/wp-content\/uploads\/2025\/07\/IMG_1491-scaled.jpg 1920w, https:\/\/hedge-project.org\/portal\/wp-content\/uploads\/2025\/07\/IMG_1491-scaled-225x300.jpg 225w, https:\/\/hedge-project.org\/portal\/wp-content\/uploads\/2025\/07\/IMG_1491-768x1024.jpg 768w, https:\/\/hedge-project.org\/portal\/wp-content\/uploads\/2025\/07\/IMG_1491-1152x1536.jpg 1152w, https:\/\/hedge-project.org\/portal\/wp-content\/uploads\/2025\/07\/IMG_1491-1536x2048.jpg 1536w\" data-sizes=\"(max-width: 225px) 100vw, 225px\" srcset=\"https:\/\/hedge-project.org\/portal\/wp-content\/uploads\/2025\/07\/IMG_1491-225x300.jpg 225w, https:\/\/hedge-project.org\/portal\/wp-content\/uploads\/2025\/07\/IMG_1491-768x1024.jpg 768w, https:\/\/hedge-project.org\/portal\/wp-content\/uploads\/2025\/07\/IMG_1491-1152x1536.jpg 1152w, https:\/\/hedge-project.org\/portal\/wp-content\/uploads\/2025\/07\/IMG_1491-1536x2048.jpg 1536w, https:\/\/hedge-project.org\/portal\/wp-content\/uploads\/2025\/07\/IMG_1491-scaled.jpg 1920w\" sizes=\"(max-width: 225px) 100vw, 225px\" \/>\n\t\t<div class=\"figc no-description\">\n\t\t\t<div class=\"figc-inner\">\n\t\t\t\t\t\t\t\t\t\t\t\t\t\t\t<\/div>\n\t\t<\/div>\n\n\t<\/div>\n\n<\/div><div class=\"modula-item effect-pufrobo\" >\n\t<div class=\"modula-item-overlay\"><\/div>\n\n\t<div class=\"modula-item-content\">\n\n\t\t\t\t\n\t\t\t\t\t<a data-image-id=\"1237\" tabindex=\"0\" rel=\"jtg-1210\" data-caption=\"\" aria-label=\"Open image in lightbox\" role=\"button\" class=\"tile-inner modula-item-link\"><\/a>\n\t\t\n\t\t<img class=\"pic wp-image-1237 lazyload\"  data-valign=\"middle\" data-halign=\"center\" alt=\"\" data-full=\"https:\/\/hedge-project.org\/portal\/wp-content\/uploads\/2025\/07\/IMG_1470.jpg\" title=\"IMG_1470\" width=\"300\" height=\"225\" data-src=\"https:\/\/hedge-project.org\/portal\/wp-content\/uploads\/2025\/07\/IMG_1470-300x225.jpg\" data-caption=\"\" data-source=\"modula\" data-srcset=\"https:\/\/hedge-project.org\/portal\/wp-content\/uploads\/2025\/07\/IMG_1470-scaled.jpg 2560w, https:\/\/hedge-project.org\/portal\/wp-content\/uploads\/2025\/07\/IMG_1470-scaled-300x225.jpg 300w, https:\/\/hedge-project.org\/portal\/wp-content\/uploads\/2025\/07\/IMG_1470-1024x768.jpg 1024w, https:\/\/hedge-project.org\/portal\/wp-content\/uploads\/2025\/07\/IMG_1470-768x576.jpg 768w, https:\/\/hedge-project.org\/portal\/wp-content\/uploads\/2025\/07\/IMG_1470-1536x1152.jpg 1536w, https:\/\/hedge-project.org\/portal\/wp-content\/uploads\/2025\/07\/IMG_1470-2048x1536.jpg 2048w\" data-sizes=\"(max-width: 300px) 100vw, 300px\" srcset=\"https:\/\/hedge-project.org\/portal\/wp-content\/uploads\/2025\/07\/IMG_1470-300x225.jpg 300w, https:\/\/hedge-project.org\/portal\/wp-content\/uploads\/2025\/07\/IMG_1470-1024x768.jpg 1024w, https:\/\/hedge-project.org\/portal\/wp-content\/uploads\/2025\/07\/IMG_1470-768x576.jpg 768w, https:\/\/hedge-project.org\/portal\/wp-content\/uploads\/2025\/07\/IMG_1470-1536x1152.jpg 1536w, https:\/\/hedge-project.org\/portal\/wp-content\/uploads\/2025\/07\/IMG_1470-2048x1536.jpg 2048w\" sizes=\"(max-width: 300px) 100vw, 300px\" \/>\n\t\t<div class=\"figc no-description\">\n\t\t\t<div class=\"figc-inner\">\n\t\t\t\t\t\t\t\t\t\t\t\t\t\t\t<\/div>\n\t\t<\/div>\n\n\t<\/div>\n\n<\/div><div class=\"modula-item effect-pufrobo\" >\n\t<div class=\"modula-item-overlay\"><\/div>\n\n\t<div class=\"modula-item-content\">\n\n\t\t\t\t\n\t\t\t\t\t<a data-image-id=\"1238\" tabindex=\"0\" rel=\"jtg-1210\" data-caption=\"\" aria-label=\"Open image in lightbox\" role=\"button\" class=\"tile-inner modula-item-link\"><\/a>\n\t\t\n\t\t<img class=\"pic wp-image-1238 lazyload\"  data-valign=\"middle\" data-halign=\"center\" alt=\"\" data-full=\"https:\/\/hedge-project.org\/portal\/wp-content\/uploads\/2025\/07\/IMG_1489.jpg\" title=\"IMG_1489\" width=\"300\" height=\"225\" data-src=\"https:\/\/hedge-project.org\/portal\/wp-content\/uploads\/2025\/07\/IMG_1489-300x225.jpg\" data-caption=\"\" data-source=\"modula\" data-srcset=\"https:\/\/hedge-project.org\/portal\/wp-content\/uploads\/2025\/07\/IMG_1489-scaled.jpg 2560w, https:\/\/hedge-project.org\/portal\/wp-content\/uploads\/2025\/07\/IMG_1489-scaled-300x225.jpg 300w, https:\/\/hedge-project.org\/portal\/wp-content\/uploads\/2025\/07\/IMG_1489-1024x768.jpg 1024w, https:\/\/hedge-project.org\/portal\/wp-content\/uploads\/2025\/07\/IMG_1489-768x576.jpg 768w, https:\/\/hedge-project.org\/portal\/wp-content\/uploads\/2025\/07\/IMG_1489-1536x1152.jpg 1536w, https:\/\/hedge-project.org\/portal\/wp-content\/uploads\/2025\/07\/IMG_1489-2048x1536.jpg 2048w\" data-sizes=\"(max-width: 300px) 100vw, 300px\" srcset=\"https:\/\/hedge-project.org\/portal\/wp-content\/uploads\/2025\/07\/IMG_1489-300x225.jpg 300w, https:\/\/hedge-project.org\/portal\/wp-content\/uploads\/2025\/07\/IMG_1489-1024x768.jpg 1024w, https:\/\/hedge-project.org\/portal\/wp-content\/uploads\/2025\/07\/IMG_1489-768x576.jpg 768w, https:\/\/hedge-project.org\/portal\/wp-content\/uploads\/2025\/07\/IMG_1489-1536x1152.jpg 1536w, https:\/\/hedge-project.org\/portal\/wp-content\/uploads\/2025\/07\/IMG_1489-2048x1536.jpg 2048w\" sizes=\"(max-width: 300px) 100vw, 300px\" \/>\n\t\t<div class=\"figc no-description\">\n\t\t\t<div class=\"figc-inner\">\n\t\t\t\t\t\t\t\t\t\t\t\t\t\t\t<\/div>\n\t\t<\/div>\n\n\t<\/div>\n\n<\/div>\t\t\n\t<\/div>\n\n\t\n\t\n\t<script type=\"application\/ld+json\">\n\t{\n\t\t\"@context\": \"http:\/\/schema.org\",\n\t\t\"@type\"   : \"ImageGallery\",\n\t\t\"id\"      : \"https:\/\/hedge-project.org\/portal\/projects\/casa-museu-anastacio\/\",\n\t\t\"url\"     : \"https:\/\/hedge-project.org\/portal\/projects\/casa-museu-anastacio\/\"\n\t}\n\n\t<\/script>\n\n\t\n<\/div><\/div>\n<\/div>\n<\/div>\n<\/div>\n<\/div>\n<\/div>\n<\/div>\n<\/main>\n\n\n\n<p><\/p>\n","protected":false},"excerpt":{"rendered":"<p>Dr. Anast\u00e1cio Gon\u00e7alves House-Museum Enter the House-Museum experience #3d digitization#virtual tour March 2025 A museum space in the city of Lisbon The Dr. Anast\u00e1cio Gon\u00e7alves House-Museum is a museum space in the city of Lisbon showcasing the collection gathered by the physician and collector Ant\u00f3nio Anast\u00e1cio Gon\u00e7alves.The group of about 3,000 works of art comprises [&hellip;]<\/p>\n","protected":false},"author":1,"featured_media":0,"parent":76,"menu_order":0,"comment_status":"closed","ping_status":"closed","template":"wp-custom-template-projects-page","meta":{"pgc_sgb_lightbox_settings":"","footnotes":""},"class_list":["post-1243","page","type-page","status-publish","hentry"],"_links":{"self":[{"href":"https:\/\/hedge-project.org\/portal\/wp-json\/wp\/v2\/pages\/1243","targetHints":{"allow":["GET"]}}],"collection":[{"href":"https:\/\/hedge-project.org\/portal\/wp-json\/wp\/v2\/pages"}],"about":[{"href":"https:\/\/hedge-project.org\/portal\/wp-json\/wp\/v2\/types\/page"}],"author":[{"embeddable":true,"href":"https:\/\/hedge-project.org\/portal\/wp-json\/wp\/v2\/users\/1"}],"replies":[{"embeddable":true,"href":"https:\/\/hedge-project.org\/portal\/wp-json\/wp\/v2\/comments?post=1243"}],"version-history":[{"count":11,"href":"https:\/\/hedge-project.org\/portal\/wp-json\/wp\/v2\/pages\/1243\/revisions"}],"predecessor-version":[{"id":1519,"href":"https:\/\/hedge-project.org\/portal\/wp-json\/wp\/v2\/pages\/1243\/revisions\/1519"}],"up":[{"embeddable":true,"href":"https:\/\/hedge-project.org\/portal\/wp-json\/wp\/v2\/pages\/76"}],"wp:attachment":[{"href":"https:\/\/hedge-project.org\/portal\/wp-json\/wp\/v2\/media?parent=1243"}],"curies":[{"name":"wp","href":"https:\/\/api.w.org\/{rel}","templated":true}]}}